x(9). List the prime factors of (8/6)/(q/30).
2, 5
Let d = -53 + 63. What are the prime factors of d?
2, 5
Let c(v) be the third derivative of -v**6/40 + v**5/30 + v**4/24 + v**3/3 - 6*v**2. List the prime factors of c(-2).
2
Suppose n - 4*z - 102 = -0*z, -2*n + 4*z = -208. Suppose 3*t + t = -m + 91, -4*t = -2*m - n. List the prime factors of t.
2, 3
Let n be 0 + 0 + 12/3. Suppose a + n = -0, -2*a - 8 = 2*v. What are the prime factors of v + 1 - (5 + -12)?
2
Let c = -12 + 26. Let l = c + -2. List the prime factors of l.
2, 3
Let l = 50 + -6. What are the prime factors of l?
2, 11
Suppose -83 + 20 = -3*g. List the prime factors of g.
3, 7
Suppose -18*q + 14*q = -356. List the prime factors of q.
89
Let o = 18 - -17. What are the prime factors of o?
5, 7
Suppose -16 = -j - j. What are the prime factors of j?
2
Suppose -193 - 21 = -2*w. What are the prime factors of w?
107
Suppose 0*y = 4*y + 3*q + 15, 0 = -3*y - 5*q - 14. Let i = y - -11. What are the prime factors of i?
2
Let a(s) = -2*s + 26. What are the prime factors of a(-6)?
2, 19
Suppose -5*c + 11 = -3*j, 0 = 3*j - j + 3*c - 18. Suppose -h - j*h + 32 = 0. What are the prime factors of h?
2
Let h(u) = u**3 + 3*u - 18. What are the prime factors of h(5)?
2, 61
Suppose -5*u + 2*u = 66. Let m be u/(-3)*3/2. Suppose -j = -4*r + m, -3*r + j + 7 + 1 = 0. What are the prime factors of r?
3
Suppose 15 = 5*t - 125. List the prime factors of t.
2, 7
List the prime factors of 20 + 3 + (4 - 4).
23
Let x = 39 + -4. List the prime factors of x.
5, 7
Suppose 6*q = 160 + 596. List the prime factors of q.
2, 3, 7
Suppose -4*l - l - 29 = -4*k, -3*k + 15 = 3*l. Suppose 3*g - 6*g = -k. Suppose -20 = -2*t + 2*v, -5*v + 0 = g*t + 1. What are the prime factors of t?
7
Let w = 93 - 19. What are the prime factors of w?
2, 37
Suppose m - 5*g = 11 + 3, -4*m - 36 = 3*g. Let h(w) = w**2 + 5*w + 6. Let k(u) = u**2 + 6*u + 5. Let a(t) = 2*h(t) - 3*k(t). List the prime factors of a(m).
3
Let l(r) = 4*r - 26. What are the prime factors of l(20)?
2, 3
Let m(n) = n**2 + 8*n + 9. Suppose 3*r - 2*s - 3*s - 4 = 0, s = -r - 12. What are the prime factors of m(r)?
2
What are the prime factors of (-16)/(-40) - 193/(-5)?
3, 13
Let z(p) = p**3 + 7*p**2 + 9*p - 2. What are the prime factors of z(-4)?
2, 5
Let l(r) = 6*r - 6. Let s be l(5). Suppose 6*z = 3*z + s. Suppose 4 + 2 = n - v, -2*v = -z. What are the prime factors of n?
2, 5
Let o(d) = d + 3. Let n(w) = -w**2 + w - 5. Let r(y) = -y**2 + 2*y - 5. Let f(q) = -3*n(q) + 2*r(q). Let z be f(0). List the prime factors of o(z).
2
Suppose 4*w - 21 = -5. Suppose w*c = -c. Suppose -24 = -c*m - 3*m. What are the prime factors of m?
2
Suppose 0 = -m + 4*k + 32, 2*m + 3*m + 5*k = 110. What are the prime factors of m?
2, 3
Suppose 0*o - 5*o = -15. Suppose -k - o*k + 24 = 0. Suppose -20 = -k*i + 2*i. List the prime factors of i.
5
Suppose 0 = -2*i - 3*i + 20. Suppose 2*n + 3*u + 8 - 21 = 0, -5*u + 25 = i*n. List the prime factors of n.
5
Let w(o) = -o**2 + 7*o. Let y(i) = 3*i**2 - 13*i. Let a(s) = -5*w(s) - 2*y(s). What are the prime factors of a(-8)?
2
Let x(q) = -q**3 + 7*q**2 - 9*q + 9. List the prime factors of x(5).
2, 7
Let p be (6/(-9))/(2/(-9)). List the prime factors of (-6)/(-1) + -5 + p.
2
Let g(s) = 20*s**2 - s + 1. Let c be g(3). List the prime factors of 1/(-4) - c/(-8).
2, 11
Let s = -6 - -6. Suppose 0 = -4*x - 2*i + 96, s*x - 65 = -3*x - 5*i. List the prime factors of x.
5
Let d be 427/(-35) + (-2)/(-10). List the prime factors of ((-4)/(-6))/((-1)/d).
2
Let i be (-21)/(-2) - 2/4. Let m be i/35 + 4/(-14). Suppose m*y + 3*y - 18 = 0. What are the prime factors of y?
2, 3
Suppose -3*c + 2*c = -1. Suppose 0 = v + c - 4. What are the prime factors of v*(7/3 + 2)?
13
Let s = 45 - 37. What are the prime factors of s?
2
Suppose -8*y + 11*y = 591. What are the prime factors of y?
197
List the prime factors of -2 + 3 + 38 - -1.
2, 5
Suppose -3*l + 424 = l. What are the prime factors of l?
2, 53
Let w = 29 - -5. Suppose -y = 3*c + 2 + 1, 0 = 3*c - 15. Let j = y + w. What are the prime factors of j?
2
Suppose -2*o = -a, -5*a + 10 = -8*o + 3*o. Suppose -a = -2*j + 6. What are the prime factors of j?
5
Let k(a) = 34*a + 4. Let h be k(-2). What are the prime factors of 6*h/(-12) - 2?
2, 3, 5
Let a be -1 + (5 - 2) + 2. Suppose -17 - 11 = -a*q. List the prime factors of q.
7
Let k = 8 - 3. Suppose -k - 27 = -2*d. What are the prime factors of d?
2
Let a(r) = r - 4. Suppose 4*i = -0*i + 3*k + 15, 3*i + 3*k = 27. Let d be a(i). Suppose -n - d*n + 12 = 0. What are the prime factors of n?
2
Let w(u) = u - 5. Let y be w(0). Let z(m) = 4*m - 16*m**2 + 12*m**2 + 7 + 2*m**3 - 3*m**3. List the prime factors of z(y).
2, 3
Suppose 8*q - 348 - 76 = 0. What are the prime factors of q?
53
What are the prime factors of (6 + -3)/(6/16) + -2?
2, 3
Let j(g) = -49*g - 1. What are the prime factors of j(-2)?
97
Suppose -13*p + 748 = -9*p. What are the prime factors of p?
11, 17
Suppose 1281 = 5*o + 426. What are the prime factors of o?
3, 19
Suppose -4*m - 32 = -232. List the prime factors of m.
2, 5
Let z = -12 - -40. Suppose -4*i = 8, -4*s + i + z = -2*s. What are the prime factors of s?
13
Suppose 4 = 5*x - 7*x. What are the prime factors of (4 + 4)/((-1)/x)?
2
Let m(j) = 1 - 3*j + 5*j - 4*j. Let q be m(1). List the prime factors of (-1 - -4)/((-1)/q).
3
Let v be (2/4)/(1/2). Suppose 3 = -2*d - 3. Let p = v - d. What are the prime factors of p?
2
Suppose r = 48 - 11. List the prime factors of r.
37
Let f = -119 + 172. What are the prime factors of f?
53
Let f = 192 + -112. What are the prime factors of f?
2, 5
Suppose 3*s + 2*s - 100 = 0. Suppose 0 = -2*d - w + 42 - 6, d + w = s. What are the prime factors of d?
2
Suppose -p + 3*m = -38, 0 = -p + 4*p - 4*m - 134. List the prime factors of p.
2, 5
Let m = 11 + -8. Suppose 0 = -2*y - m*y. Suppose y = 2*t - 11 + 3. What are the prime factors of t?
2
Suppose -5*f + 72 = -3*u, -3*f - 3*u = -7*u - 41. Suppose 5*i - f = 2*i. What are the prime factors of i?
5
Let x = 4 - 6. Let m be ((2 + x)/(-1))/(-2). Suppose w + 4 = 1, -3*l + 3*w + 18 = m. List the prime factors of l.
3
Let k = 238 - 162. What are the prime factors of k?
2, 19
Let i be 9*((-1 - 1) + 1). Let b be ((-54)/4)/(i/18). Suppose 0 = -3*w - 0*w + b. List the prime factors of w.
3
Let n = -42 + 50. What are the prime factors of n?
2
Let s(k) = k**3 - k + 12. Let t(o) = -o**2 - 3*o + 4. Let f(p) = p**3 - 10*p**2 - 4. Let a be f(10). Let i be t(a). List the prime factors of s(i).
2, 3
Let y be 0 - (-3)/((-3)/(-14)). Let n(c) = -5*c + 2*c + y + c**2 + 3*c. What are the prime factors of n(0)?
2, 7
Let p = -211 + 618. List the prime factors of p.
11, 37
Suppose -4*d + 3*d = -26. Suppose 0 = -4*h - 20, l + 0*l + d = -4*h. List the prime factors of (l/(-7))/(5/70).
2, 3
Suppose 0 = 3*g + 2*t - 2, -3*g = -8*g - 4*t + 6. Let n be ((-6)/3)/(g - -3). List the prime factors of 4 + 0*n/(-4).
2
Suppose -4*u - 4 = 4*j, j + 2*u + 5 = -3*u. What are the prime factors of 2 + 14 - (j + 2)?
2, 7
Let c(k) = 7*k. Suppose 3*b - 15 = 2*j - 3*j, -7 = -5*j + 2*b. Let u be c(j). List the prime factors of 3/(9/u) - 0.
7
Suppose 4*p - 15 = -39. Let k be p/(-10) + 57/5. What are the prime factors of 3/k - 35/(-4)?
3
List the prime factors of (((-16)/(-6))/(-4))/(4/(-294)).
7
Suppose 3*l - 217 = -19. Let y be 23*1 + 3/(-3). Suppose -l = -4*r - a - 0, -r = 3*a - y. List the prime factors of r.
2
Suppose 4*y = 3*t - 32, -t + 4*y + 4 = y. Let b = t + -9. List the prime factors of b.
7
Suppose 4 = 3*k - 5. Suppose 0 = -m - k*h - 6, -h = 5*m + 4*h. What are the prime factors of m/6 - 34/(-4)?
3
Let a(z) = 17*z**2 - 2*z - 3. What are the prime factors of a(-3)?
2, 3, 13
Suppose 4*x - 108 + 32 = 0. What are the prime factors of x?
19
Let j(x) = 3*x - 7. Let v be j(5). Let a be 1/(-4) + (-78)/v. List the prime factors of 2/a + (-76)/(-5).
3, 5
Let b(q) = -19*q + 5. Let m(d) = -37*d + 9. Let h(f) = 5*b(f) - 3*m(f). Let u be h(2). Let v = u + -18. List the prime factors of v.
2, 3
Suppose 117 = l - o, 0 = -4*l - 0*o - 3*o + 475. What are the prime factors of l?
2, 59
List the prime factors of (-84*((-42)/9 + 2))/1.
2, 7
Let o = -6 + 6. Let m be o/3 + -1 - -6. Suppose 5*q - m = 0, -5 = -4*v + 2*q + q. What are the prime factors of v?
2
Let 